{"id":1060,"date":"2022-05-15T16:23:56","date_gmt":"2022-05-15T16:23:56","guid":{"rendered":"http:\/\/naturismus-graz.at\/?page_id=1060"},"modified":"2026-04-20T16:19:18","modified_gmt":"2026-04-20T16:19:18","slug":"preise","status":"publish","type":"page","link":"https:\/\/naturismus-graz.at\/?page_id=1060","title":{"rendered":"Preise \/ prices"},"content":{"rendered":"<style>.wp-block-kadence-advancedheading.kt-adv-heading1060_07c5f2-32, .wp-block-kadence-advancedheading.kt-adv-heading1060_07c5f2-32[data-kb-block=\"kb-adv-heading1060_07c5f2-32\"]{font-style:normal;}.wp-block-kadence-advancedheading.kt-adv-heading1060_07c5f2-32 mark, .wp-block-kadence-advancedheading.kt-adv-heading1060_07c5f2-32[data-kb-block=\"kb-adv-heading1060_07c5f2-32\"] mark{font-style:normal;color:#f76a0c;padding-top:0px;padding-right:0px;padding-bottom:0px;padding-left:0px;}<\/style>\n<h2 class=\"kt-adv-heading1060_07c5f2-32 wp-block-kadence-advancedheading\" data-kb-block=\"kb-adv-heading1060_07c5f2-32\">&#8230;f\u00fcr Urlauber \/ guests<\/h2>\n\n\n<style>.kb-row-layout-id1060_798607-c3 > .kt-row-column-wrap{align-content:start;}:where(.kb-row-layout-id1060_798607-c3 > .kt-row-column-wrap) > .wp-block-kadence-column{justify-content:start;}.kb-row-layout-id1060_798607-c3 > .kt-row-column-wrap{column-gap:var(--global-kb-gap-md, 2rem);row-gap:var(--global-kb-gap-md, 2rem);padding-top:var(--global-kb-spacing-sm, 1.5rem);padding-bottom:var(--global-kb-spacing-sm, 1.5rem);grid-template-columns:minmax(0, 1fr) minmax(0, 6fr) minmax(0, 1fr);}.kb-row-layout-id1060_798607-c3 > .kt-row-layout-overlay{opacity:0.30;}@media all and (max-width: 1024px){.kb-row-layout-id1060_798607-c3 > .kt-row-column-wrap{grid-template-columns:repeat(3, minmax(0, 1fr));}}@media all and (max-width: 767px){.kb-row-layout-id1060_798607-c3 > .kt-row-column-wrap{grid-template-columns:minmax(0, 1fr);}}<\/style><div class=\"kb-row-layout-wrap kb-row-layout-id1060_798607-c3 alignnone wp-block-kadence-rowlayout\"><div class=\"kt-row-column-wrap kt-has-3-columns kt-row-layout-center-exwide kt-tab-layout-inherit kt-mobile-layout-row kt-row-valign-top\">\n<style>.kadence-column1060_d862d8-25 > .kt-inside-inner-col,.kadence-column1060_d862d8-25 > .kt-inside-inner-col:before{border-top-left-radius:0px;border-top-right-radius:0px;border-bottom-right-radius:0px;border-bottom-left-radius:0px;}.kadence-column1060_d862d8-25 > .kt-inside-inner-col:before{opacity:0.3;}.kadence-column1060_d862d8-25{position:relative;}<\/style>\n<div class=\"wp-block-kadence-column kadence-column1060_d862d8-25 inner-column-1\"><div class=\"kt-inside-inner-col\">\n<p class=\"has-text-align-center\"><strong>Nur Barzahlung  \/ cash only<\/strong><\/p>\n<\/div><\/div>\n\n\n<style>.kadence-column1060_5eff16-41 > .kt-inside-inner-col,.kadence-column1060_5eff16-41 > .kt-inside-inner-col:before{border-top-left-radius:0px;border-top-right-radius:0px;border-bottom-right-radius:0px;border-bottom-left-radius:0px;}.kadence-column1060_5eff16-41 > .kt-inside-inner-col:before{opacity:0.3;}.kadence-column1060_5eff16-41{position:relative;}<\/style>\n<div class=\"wp-block-kadence-column kadence-column1060_5eff16-41 inner-column-2\"><div class=\"kt-inside-inner-col\">\n<figure class=\"wp-block-table is-style-stripes\" style=\"font-size:16px\"><table><tbody><tr><td>Tagesgeb\u00fchr Erwachsene (Kinder und Jugendliche unter 18 frei)<br>Daily fee for adults (chlildren and young people under 18 free)<\/td><td>\u20ac    6,00<\/td><\/tr><tr><td>Zelt \/ Wohnwagen &#8211; Stellplatz ohne Strom<br>Tent \/ caravan pitch without electricity <\/td><td>\u20ac   12,00<\/td><\/tr><tr><td>Strom  <br>Electricity <\/td><td><br>\u20ac   4,00<br><\/td><\/tr><tr><td>Hund (nur in Verbindung mit Stellplatz, mit Auflagen)<br>Dog (only in conjunction with a pitch, with conditions)<\/td><td>\u20ac    3,00<\/td><\/tr><tr><td>Fremdenverkehrsabgabe (Erwachsene und Kinder ab dem vollendeten 15. Lebensjahr)<br>Tourist tax (adults and children aged 15 and over)<\/td><td>\u20ac    2,00<\/td><\/tr><tr><td>G\u00e4steh\u00fctte (zuz\u00fcglich Tagesgeb\u00fchr und Fremdenverkehrsabgabe, 3 Betten)<br>Guests hut (plus daily fee and tourist tax, 3 beds)<\/td><td>\u20ac 32,00<\/td><\/tr><tr><td>Grundreinigungspauschale f\u00fcr die G\u00e4steh\u00fctte, einmalig<br>Basic cleaning fee for the guest hut, onetime<\/td><td>\u20ac    5,00<\/td><\/tr><\/tbody><\/table><figcaption class=\"wp-element-caption\">Die Preise sind inklusive Steuern pro Tag (ausgenommen Grundreinigungspauschale f\u00fcr die G\u00e4steh\u00fctte) 2026<\/figcaption><\/figure>\n<\/div><\/div>\n\n\n<style>.kadence-column1060_1f5006-ef > .kt-inside-inner-col,.kadence-column1060_1f5006-ef > .kt-inside-inner-col:before{border-top-left-radius:0px;border-top-right-radius:0px;border-bottom-right-radius:0px;border-bottom-left-radius:0px;}.kadence-column1060_1f5006-ef > .kt-inside-inner-col:before{opacity:0.3;}.kadence-column1060_1f5006-ef{position:relative;}<\/style>\n<div class=\"wp-block-kadence-column kadence-column1060_1f5006-ef inner-column-3\"><div class=\"kt-inside-inner-col\"><\/div><\/div>\n\n<\/div><\/div>\n\n<style>.wp-block-kadence-advancedheading.kt-adv-heading1060_ce1e2d-7a, .wp-block-kadence-advancedheading.kt-adv-heading1060_ce1e2d-7a[data-kb-block=\"kb-adv-heading1060_ce1e2d-7a\"]{font-style:normal;}.wp-block-kadence-advancedheading.kt-adv-heading1060_ce1e2d-7a mark, .wp-block-kadence-advancedheading.kt-adv-heading1060_ce1e2d-7a[data-kb-block=\"kb-adv-heading1060_ce1e2d-7a\"] mark{font-style:normal;color:#f76a0c;padding-top:0px;padding-right:0px;padding-bottom:0px;padding-left:0px;}<\/style>\n<h2 class=\"kt-adv-heading1060_ce1e2d-7a wp-block-kadence-advancedheading\" data-kb-block=\"kb-adv-heading1060_ce1e2d-7a\">&#8230;f\u00fcr Mitglieder oder jene die es werden wollen \/members<\/h2>\n\n\n<style>.kb-row-layout-id1060_2df79d-fe > .kt-row-column-wrap{align-content:start;}:where(.kb-row-layout-id1060_2df79d-fe > .kt-row-column-wrap) > .wp-block-kadence-column{justify-content:start;}.kb-row-layout-id1060_2df79d-fe > .kt-row-column-wrap{column-gap:var(--global-kb-gap-md, 2rem);row-gap:var(--global-kb-gap-md, 2rem);padding-top:var(--global-kb-spacing-sm, 1.5rem);padding-bottom:var(--global-kb-spacing-sm, 1.5rem);grid-template-columns:minmax(0, 15%) minmax(0, 70%) minmax(0, 15%);}.kb-row-layout-id1060_2df79d-fe > .kt-row-layout-overlay{opacity:0.30;}@media all and (max-width: 1024px){.kb-row-layout-id1060_2df79d-fe > .kt-row-column-wrap{grid-template-columns:repeat(3, minmax(0, 1fr));}}@media all and (max-width: 767px){.kb-row-layout-id1060_2df79d-fe > .kt-row-column-wrap{grid-template-columns:minmax(0, 1fr);}}<\/style><div class=\"kb-row-layout-wrap kb-row-layout-id1060_2df79d-fe alignnone wp-block-kadence-rowlayout\"><div class=\"kt-row-column-wrap kt-has-3-columns kt-row-layout-center-exwide kt-tab-layout-inherit kt-mobile-layout-row kt-row-valign-top\">\n<style>.kadence-column1060_2acc0b-9b > .kt-inside-inner-col,.kadence-column1060_2acc0b-9b > .kt-inside-inner-col:before{border-top-left-radius:0px;border-top-right-radius:0px;border-bottom-right-radius:0px;border-bottom-left-radius:0px;}.kadence-column1060_2acc0b-9b > .kt-inside-inner-col:before{opacity:0.3;}.kadence-column1060_2acc0b-9b{position:relative;}<\/style>\n<div class=\"wp-block-kadence-column kadence-column1060_2acc0b-9b inner-column-1\"><div class=\"kt-inside-inner-col\"><\/div><\/div>\n\n\n<style>.kadence-column1060_f5cfc3-4c > .kt-inside-inner-col,.kadence-column1060_f5cfc3-4c > .kt-inside-inner-col:before{border-top-left-radius:0px;border-top-right-radius:0px;border-bottom-right-radius:0px;border-bottom-left-radius:0px;}.kadence-column1060_f5cfc3-4c > .kt-inside-inner-col:before{opacity:0.3;}.kadence-column1060_f5cfc3-4c{position:relative;}<\/style>\n<div class=\"wp-block-kadence-column kadence-column1060_f5cfc3-4c inner-column-2\"><div class=\"kt-inside-inner-col\">\n<div class=\"wp-block-columns is-layout-flex wp-container-core-columns-layout-1 wp-block-columns-is-layout-flex\">\n<div class=\"wp-block-column is-layout-flow wp-block-column-is-layout-flow\" style=\"flex-basis:100%\">\n<div class=\"wp-block-group is-layout-flow wp-block-group-is-layout-flow\"><div class=\"wp-block-group__inner-container\">\n<figure class=\"wp-block-table is-style-stripes\" style=\"font-size:16px\"><table><tbody><tr><td>Jahres-Mitgliedsbeitrag (Kinder und Jugendliche unter 18 Jahren frei)<\/td><td>\u20ac   150,00<\/td><\/tr><tr><td>Jahres-Mitgliedsbeitrag f\u00fcr Studenten und Lehrlinge bis zum vollendeten 27. Lebensjahr<\/td><td>\u20ac    75,00<\/td><\/tr><tr><td>Jahres-Mitgliedsbeitrag Hund (nur in Verbindung mit Stellplatz, unter Auflagen) &#8211; Hunderegeln<\/td><td>\u20ac    36,00<\/td><\/tr><tr><td>Jahres-Stellplatzgeb\u00fchr <\/td><td>\u20ac 425,00<\/td><\/tr><tr><td>Strom-Grundgeb\u00fchr<\/td><td>\u20ac      7,00<\/td><\/tr><tr><td>Stromverbrauch je kWh (wird laufend angepasst)<\/td><td>\u20ac       0,35<\/td><\/tr><tr><td>Einmalige Z\u00e4hleranschlussgeb\u00fchr<\/td><td>\u20ac   145,00<\/td><\/tr><tr><td>Einsatz f\u00fcr Schl\u00fcssel<\/td><td>\u20ac    25,00<\/td><\/tr><tr><td>Einsatz f\u00fcr Fernbedienung<\/td><td>\u20ac    36,00<\/td><\/tr><tr><td>Tagesbeitrag zum Schnuppern (3x dann entscheidest du und wir \u00fcber eine Mitgliedschaft)<\/td><td>\u20ac       5,50<\/td><\/tr><\/tbody><\/table><figcaption class=\"wp-element-caption\">Preise 2026<\/figcaption><\/figure>\n<\/div><\/div>\n<\/div>\n<\/div>\n<\/div><\/div>\n\n\n<style>.kadence-column1060_5e00a5-e8 > .kt-inside-inner-col,.kadence-column1060_5e00a5-e8 > .kt-inside-inner-col:before{border-top-left-radius:0px;border-top-right-radius:0px;border-bottom-right-radius:0px;border-bottom-left-radius:0px;}.kadence-column1060_5e00a5-e8 > .kt-inside-inner-col:before{opacity:0.3;}.kadence-column1060_5e00a5-e8{position:relative;}<\/style>\n<div class=\"wp-block-kadence-column kadence-column1060_5e00a5-e8 inner-column-3\"><div class=\"kt-inside-inner-col\"><\/div><\/div>\n\n<\/div><\/div>\n\n\n<div class=\"wp-block-cover aligncenter\"><span aria-hidden=\"true\" class=\"wp-block-cover__background has-background-dim\"><\/span><img loading=\"lazy\" decoding=\"async\" width=\"768\" height=\"1024\" class=\"wp-block-cover__image-background wp-image-1195\" alt=\"\" src=\"https:\/\/naturismus-graz.at\/wp-content\/uploads\/2025\/03\/IMG_20220511_121629-768x1024.jpg\" data-object-fit=\"cover\" srcset=\"https:\/\/naturismus-graz.at\/wp-content\/uploads\/2025\/03\/IMG_20220511_121629-768x1024.jpg 768w, https:\/\/naturismus-graz.at\/wp-content\/uploads\/2025\/03\/IMG_20220511_121629-225x300.jpg 225w, https:\/\/naturismus-graz.at\/wp-content\/uploads\/2025\/03\/IMG_20220511_121629-1152x1536.jpg 1152w, https:\/\/naturismus-graz.at\/wp-content\/uploads\/2025\/03\/IMG_20220511_121629-1536x2048.jpg 1536w, https:\/\/naturismus-graz.at\/wp-content\/uploads\/2025\/03\/IMG_20220511_121629-scaled.jpg 1920w\" sizes=\"(max-width: 768px) 100vw, 768px\" \/><div class=\"wp-block-cover__inner-container is-layout-flow wp-block-cover-is-layout-flow\">\n<p class=\"has-text-align-center has-large-font-size\">F\u00fcr Anfragen bez\u00fcglich einer Mitgliedschaft bitte ruf an, schreib uns eine Email oder einen Brief oder schick eine Brieftaube &#8211; wir freuen uns \ud83d\ude42<\/p>\n<\/div><\/div>\n","protected":false},"excerpt":{"rendered":"<p>&#8230;f\u00fcr Urlauber \/ guests Nur Barzahlung \/ cash only Tagesgeb\u00fchr Erwachsene (Kinder und Jugendliche unter 18 frei)Daily fee for adults (chlildren and young people under 18 free) \u20ac 6,00 Zelt&#8230;<\/p>\n","protected":false},"author":1,"featured_media":0,"parent":0,"menu_order":0,"comment_status":"closed","ping_status":"closed","template":"","meta":{"_EventAllDay":false,"_EventTimezone":"","_EventStartDate":"","_EventEndDate":"","_EventStartDateUTC":"","_EventEndDateUTC":"","_EventShowMap":false,"_EventShowMapLink":false,"_EventURL":"","_EventCost":"","_EventCostDescription":"","_EventCurrencySymbol":"","_EventCurrencyCode":"","_EventCurrencyPosition":"","_EventDateTimeSeparator":"","_EventTimeRangeSeparator":"","_EventOrganizerID":[],"_EventVenueID":[],"_OrganizerEmail":"","_OrganizerPhone":"","_OrganizerWebsite":"","_VenueAddress":"","_VenueCity":"","_VenueCountry":"","_VenueProvince":"","_VenueState":"","_VenueZip":"","_VenuePhone":"","_VenueURL":"","_VenueStateProvince":"","_VenueLat":"","_VenueLng":"","_VenueShowMap":false,"_VenueShowMapLink":false,"_kad_post_transparent":"","_kad_post_title":"","_kad_post_layout":"","_kad_post_sidebar_id":"","_kad_post_content_style":"","_kad_post_vertical_padding":"","_kad_post_feature":"","_kad_post_feature_position":"","_kad_post_header":false,"_kad_post_footer":false,"footnotes":""},"_links":{"self":[{"href":"https:\/\/naturismus-graz.at\/index.php?rest_route=\/wp\/v2\/pages\/1060"}],"collection":[{"href":"https:\/\/naturismus-graz.at\/index.php?rest_route=\/wp\/v2\/pages"}],"about":[{"href":"https:\/\/naturismus-graz.at\/index.php?rest_route=\/wp\/v2\/types\/page"}],"author":[{"embeddable":true,"href":"https:\/\/naturismus-graz.at\/index.php?rest_route=\/wp\/v2\/users\/1"}],"replies":[{"embeddable":true,"href":"https:\/\/naturismus-graz.at\/index.php?rest_route=%2Fwp%2Fv2%2Fcomments&post=1060"}],"version-history":[{"count":19,"href":"https:\/\/naturismus-graz.at\/index.php?rest_route=\/wp\/v2\/pages\/1060\/revisions"}],"predecessor-version":[{"id":1231,"href":"https:\/\/naturismus-graz.at\/index.php?rest_route=\/wp\/v2\/pages\/1060\/revisions\/1231"}],"wp:attachment":[{"href":"https:\/\/naturismus-graz.at\/index.php?rest_route=%2Fwp%2Fv2%2Fmedia&parent=1060"}],"curies":[{"name":"wp","href":"https:\/\/api.w.org\/{rel}","templated":true}]}}